z - 2. Let y(b) = -3*o(b) - x(b). Give y(-3).
-2
Suppose -2*x = -5 - 1. Let m(w) = -x*w**2 - 37*w + 37*w - 7. Let v(t) = -t**2 - 2. Let b(n) = -4*m(n) + 11*v(n). What is b(0)?
6
Let b(p) = -3*p + 9. Let j be b(4). Let v(i) be the second derivative of -i**5/20 - 5*i**4/12 - 5*i**3/6 - 3*i**2/2 + 42*i - 2. Give v(j).
-6
Let v(d) = 8 - 18 + 8 - 3*d + 7*d. Give v(6).
22
Let f(d) = 5*d + 3. Let r = 5 - 13. Let k = 6 + r. Give f(k).
-7
Let r(j) be the third derivative of j**5/60 - j**4/24 - 3*j**3 + 3*j**2 - 36. Give r(0).
-18
Let s = -5 + 16. Let p = s - 5. Let k(n) = 0*n**3 + 9*n + 0 - 7*n**2 + n**3 - 3 - 5. Determine k(p).
10
Let z(u) = 11*u - 1. Suppose 3 = -3*b + 21. Let p = 9 - b. Suppose -p*k + 1 = 4. Give z(k).
-12
Let k(h) = h**3 + 2*h**2 - h. Let u be ((-215)/(-15) - 1)/(1/3). Let x = 37 - u. Determine k(x).
-6
Suppose -5*c = -3*a - 9, 3*a - 2*a + 1 = c. Suppose 3*z = 9, 2*w + a*z - 15 = z. Let i(n) = w - 3 - 3 + n + 8. What is i(-4)?
4
Suppose 2*o - 8 = -2*i, -7 = -5*o + 3. Let z(k) = -13*k + 1. Determine z(i).
-25
Suppose -2 = -l + 5*v, 0*v = v. Let u = -2 - l. Let y(z) be the first derivative of -z**2/2 + 3*z + 20. Calculate y(u).
7
Let z(h) = 1 + 2*h**3 + 0 + 4*h**3 - 2*h. Suppose 5*d = -5*s, 3*d - 6*s + 5*s - 4 = 0. What is z(d)?
5
Let m = 2 - 0. Let s(f) = 34 - 2*f - 36 - f. What is s(m)?
-8
Let a(b) = -b**2 - 2 + 7*b + 2 - 5 + 2. Let k = -5 + 12. Calculate a(k).
-3
Let a(v) = -v**2 - 3*v - 4. Suppose -40*i = -36*i - 44. Let f = 8 - i. Determine a(f).
-4
Let y(q) = 3*q - 22. Let j(o) = -2*o**3 + 17*o**2 - 28*o - 3. Let a be j(6). Determine y(a).
5
Let w(n) be the first derivative of n**2/2 - 8*n - 115. Determine w(4).
-4
Let c(x) = x**2 + x. Suppose -3*t - 5*p + 73 = -p, 3*p - 49 = -2*t. Let u(g) = 4*g**2 + t*g**3 - 12*g**3 - 12*g**3. Let k be u(4). Determine c(k).
0
Let z(o) = o**3 + 11*o**2 + 16*o - 4. Suppose 10*a + 28*a + 342 = 0. Determine z(a).
14
Let x(p) = -p**3 - 2*p**2 + 4*p. Let n be x(-3). Let h(z) = z - 4. Let y be h(8). Let q(i) = -2 - 3*i - 6 + y - i**2 + 0. Give q(n).
-4
Suppose -4*s + 156 = -17*s. Let t(m) = -m**3 - 11*m**2 + 13*m + 12. What is t(s)?
0
Let x(r) = -20 + 8 - 4*r - 5 + 17. Give x(3).
-12
Let m = 954 + -950. Let n = 1 + 0. Let p(l) = 4*l**3 - 3*l**3 - 3*l**2 - n + 3 - 5*l. Give p(m).
-2
Let z(w) = -w**3 + 7*w**2 + w - 3. Let m = -502 + 509. Determine z(m).
4
Let l be (3/(-12))/(12/48). Let q(s) = -s**3 - s**2. Determine q(l).
0
Suppose -q = 2*l + 3, -5*q + 0*l - 3*l = 1. Suppose -4*a + 4*k - 10 = -2*a, -4*k + q = a. Let b(z) = z**3 + 3*z**2 + 3. Determine b(a).
3
Let x be (-2)/((-2)/(-3)) - -2. Let r(d) be the third derivative of -2*d**6/15 + d**3/6 + d**2 - 999. Calculate r(x).
17
Let k(c) be the third derivative of c**5/60 - 5*c**4/24 - 37*c**2. Give k(5).
0
Let u be (0 + 3 - 2)*17. Let l(a) = -14 - u*a + 5 + 10 + 7*a. Let t(q) = -10*q + 1. Let v(o) = 3*l(o) - 4*t(o). Determine v(1).
9
Let o(q) = -4*q. Let c(p) = 21*p + 3. Let r(y) = c(y) + 6*o(y). Give r(0).
3
Let h be (-7)/3 + 2/(-3). Let n(q) be the third derivative of -q**5/60 - q**4/12 + q**3/6 - 2*q**2 - 43. What is n(h)?
-2
Let y(c) = -13*c**3 - 8*c**2 + 5*c - 4. Let f(m) = -15*m**3 - 9*m**2 + 5*m - 5. Let s(g) = 6*f(g) - 7*y(g). What is s(-4)?
-14
Let c(y) = y - 15. Let d = -456 - -469. Determine c(d).
-2
Let u(w) = -4*w**3 + w**2 - 3*w + 1. Suppose 7 = k - 5*g, -k - 12 = k + 3*g. Let o be 16/(-24)*k/2. Let b be u(o). Let v(y) = -y + 2. Determine v(b).
7
Let v(w) = -w**2 + 3*w + 3. Let u be 2 + -2*52/(-8). Let m be (u/(-10)*2)/(-1). Determine v(m).
3
Suppose 0*d = 5*d + 5. Let g(m) = -29*m - 10. Let s(v) = 9*v + 3. Let f(n) = 2*g(n) + 7*s(n). Calculate f(d).
-4
Let z(v) = -12 - 13103*v - 1 + 13104*v. Let y = 20 + -11. Determine z(y).
-4
Let c(s) = 21*s - 111. Let i be c(5). Let v(m) = m**2 - 5. Calculate v(i).
31
Let q(z) = z**3 - 3*z**2 + 2*z + 1. Suppose -5*n = t - 2, 0 = -11*t + 13*t - 5*n - 4. Determine q(t).
1
Let g be (14 - 16)/((-1)/2). Let r(x) = x**3 - x**2 - x + 1. Let l(m) = -4*m**3 + 7*m**2 + 5*m - 6. Let z(p) = -l(p) - 3*r(p). Determine z(g).
-5
Suppose -5*c + 4*j - 35 = 0, -2*j = 3*c + 2*c + 5. Let s be (-8)/c + 10/(-15). Let z(n) = s*n - 2*n + 0 + n - 2. Determine z(7).
5
Let r = -6 + 0. Let y = -9 - -11. Let s(t) = 62 - t - y*t - 62. Give s(r).
18
Let s be (6/(-4))/1 + (-9)/(-2). Let n be 2*(-2 - -6 - s). Let q(f) = -4*f + 2. What is q(n)?
-6
Let o = 419 + -421. Let a(d) = 2*d**3 + 2*d**2 + 4*d + 3. Determine a(o).
-13
Let r(y) = -y - 2. Let s(c) = -3*c - 5. Let x(p) = -8*r(p) + 3*s(p). Let m be 2/(-3) - 1/3. Calculate x(m).
2
Let j(v) = 7*v**3 - 9*v**2 - 4*v + 11. Let y(o) = 3*o**3 - 5*o**2 - 2*o + 6. Let q(w) = 2*j(w) - 5*y(w). Let p be (8/(-28))/((-47)/(-49) + -1). Determine q(p).
6
Let o = 65 - 62. Suppose 2*w + 28 = o*w - 5*z, 5*w = 3*z + 30. Let j(u) = u**2 - u - 2. Calculate j(w).
4
Let f be 11 - 11 - (2 - 1*4). Let w(v) = -3*v**2 + f*v**2 + 32 + 6*v - 35. Let r = 8 - 4. Give w(r).
5
Let h(r) be the third derivative of r**7/840 - r**4/24 - r**3/3 + 4*r**2. Let g(z) be the first derivative of h(z). Calculate g(-1).
-2
Suppose 2*w = -2*z + 6, -3*z + 16 = 5*w + 5. Let m(y) = 6*y - 6. Give m(z).
6
Let u(h) = -h**2 - 5*h + 1. Let x(k) = -k**2 + 3*k. Let b be x(4). Let j be u(b). Let o(v) = -6*v**2 + 2 + 0 + 30*v**2 - 26*v**2 + 7*v. Determine o(j).
-13
Let q(w) be the first derivative of w**5/20 - w**4/24 + 20*w**3/3 - 8. Let h(r) be the third derivative of q(r). What is h(-1)?
-7
Let o(b) = -3*b - 1. Let v be o(3). Let f be 15/v*(-2)/3. Let a(r) = -12*r - f - 5*r**2 + 17*r + 6*r**2. Calculate a(-6).
5
Let w(n) = 6*n - 4*n**2 - 3 + 1 - 3 - 2*n**3. Let x(i) = i**3 + 5*i**2 - 7*i + 6. Let s(q) = 5*w(q) + 4*x(q). Let k be 11/((-22)/(-8)) - 3. Calculate s(k).
-5
Let n(s) be the first derivative of s**3/3 + s**2/2 - s + 161. What is n(-3)?
5
Let r(d) be the third derivative of -52*d**2 + 1/24*d**4 - 1/6*d**3 + 0*d + 0. Calculate r(2).
1
Let j(o) = 22*o**2 + 12*o + 19. Let w(m) = -10*m**2 - 6*m - 9. Let a(v) = 4*j(v) + 9*w(v). Give a(-5).
-25
Let o(h) = 7*h - 3. Let y be 4 - -5*(3 - -1)/(-20). Determine o(y).
18
Let p(h) = 651*h. Let d(q) = -52*q. Let o(w) = 62*d(w) + 5*p(w). Determine o(-2).
-62
Let s(u) = -11*u**2 - 8*u + 3. Let j(a) = -30*a**2 - 23*a + 7. Let k(l) = -4*j(l) + 11*s(l). Let q be (-30)/(-2)*4/12. Determine k(q).
0
Let c be (2 - (1 + -3))/(-1). Suppose 12 = -21*k + 24*k. Let s(z) = 36 - 79 + 40 - k*z. Determine s(c).
13
Suppose 18 = 3*p + 3*z, -2*p + 3 = -4*p + 3*z. Let y(b) = -p*b - 1 - b + 6*b - b. Let i(o) = -o**2 - 8*o - 7. Let h be i(-6). Determine y(h).
4
Suppose 0 = 2*y + 18 - 0. Let q be 4/3*y/6. Let n(l) = -5 + 6*l**2 - 2*l + 11 - 5*l**2 - 11 + 2. Determine n(q).
5
Let a(s) = 2*s**2 + 6*s + 1. Let d be -4*(-5)/(-70)*-7. Let k(o) = o**2 + 5*o + 2. Let g(l) = d*a(l) - 3*k(l). Give g(5).
6
Suppose 12*l + l = -14*l. Let b(t) be the third derivative of t**5/60 - t**4/24 + 7*t**3/6 + 3*t**2. Determine b(l).
7
Let z(v) be the third derivative of -v**7/2520 - v**6/120 + v**5/60 + 11*v**4/12 - 5*v**2. Let i(p) be the second derivative of z(p). What is i(-6)?
2
Let f(a) = 17*a**3 + 18*a**2 + 6*a + 13. Let q(u) = -15*u**3 - 17*u**2 - 6*u - 12. Let p(s) = -7*f(s) - 8*q(s). What is p(-10)?
-55
Let k be (-1 + -2 - -2) + -1. Let m(q) be the first derivative of -2/3*q**3 - 12 + 3/2*q**2 - 1/4*q**4 + 3*q. Give m(k).
-3
Let b(c) = c - c**3 + 3*c - 3*c - 4 - 2*c + 3*c**2. Give b(3).
-7
Let r(x) be the third derivative of 0 + 5/24*x**4 - 19*x**2 - 1/60*x**5 + 0*x - 2/3*x**3. Give r(5).
-4
Let f(g) = -4*g**2 - 22*g + 6. Let c = 590 + -596. What is f(c)?
-6
Let c(k) be the first derivative of -1/2*k**2 + 4*k - 5. Let j be (4*(-21)/112)/((-3)/16). Determine c(j).
0
Let b(y) = -y**3 - y**2 - 2*y - 3. Suppose 6 = -4*z - 10. Let s = -17 + z. Let a be ((-12)/s)/((-8)/28). Calculate b(a).
5
Let p(v) = -v**3 - 15*v**2 - v - 15. Let y be p(-15). Let t(n) = -n**3 + n**2 + 5. Determine t(y).
5
Let j be (-25 + 26)*(-6 - (-2 - -1)). Let v(g) = 3*g**2 + 15*g + 9. Let l(n) = n**2 + 7*n + 4. Let y(c) = j*l(c) + 2*v(c). Determine y(5).
-2
Let i(r) = -19 - 27 + r**2 + 3*r + r + 40. Suppose 2 = -k - 3. Calculate i(k).
-1
Let d(r) = 2*r - 18. Suppose -176 = -8*z - 8*z. What is d(z)?
4
Let j be 255/102*(-2 + -2). Let u(g) = -g**2 - 9*g + 11. Giv